{"id":108,"date":"2017-07-26T11:42:57","date_gmt":"2017-07-26T09:42:57","guid":{"rendered":"http:\/\/rminspection.eu\/?page_id=108"},"modified":"2017-07-26T11:42:57","modified_gmt":"2017-07-26T09:42:57","slug":"taxierungen","status":"publish","type":"page","link":"https:\/\/rminspection.eu\/?page_id=108&lang=de","title":{"rendered":"Taxierungen"},"content":{"rendered":"<div class=\"page\" title=\"Page 1\">\n<div class=\"layoutArea\">\n<div class=\"column\">\n<p><strong>Lassen Sie Ihre Maschinen durch eine Branchenexperten taxieren<\/strong><br \/>\nBeabsichtigen Sie, eine Maschinenversicherung abzuschlie\u00dfen und m\u00f6chten Sie hierbei Ihre Maschinen so gut wie m\u00f6glich versichern? Die Taxierung spielt hierbei eine wichtige Rolle. Darum m\u00f6chten Sie nat\u00fcrlich einen wirklichen Experten, der \u00fcber hervorragende Branchenkenntnisse verf\u00fcgt und so eine realistische Einsch\u00e4tzung \u00fcber den Wert Ihrer Maschine abgeben kann. RM CE Markeringen BV verf\u00fcgt \u00fcber eine 20-j\u00e4hrige Erfahrung im Agrarsektor, Stra\u00dfen- und Wasserwegebau und ist der Spezialist, wenn es um Inspektionen von unter anderem Maschinen aus dem Bereich Werkzeugbau, Hafenausr\u00fcstung und industriellen Gas- und Dieselmotoren geht.<\/p>\n<p><strong>Begutachtungen, Beurteilungen und Taxierungen von besch\u00e4digten oder defekten Maschinen<\/strong><br \/>\nHatten Sie in der Vergangenheit Probleme mit Einbrechern oder Vandalen, wodurch Sie ihre Maschinenversicherung in Anspruch nehmen mussten? Oder ist Ihre wichtigste Maschine als Folge h\u00f6herer Gewalt ausgefallen und Sie m\u00f6chten den Schaden Ihrer Versicherung melden? Diese wird Sie dann sicherlich um eine Inspektion und eine Beurteilung durch einen Schadensexperten bitten. Hierdurch kann beispielsweise festgestellt werden, ob die Maschine allen Voraussetzungen entspricht, um ersetzt zu werden. Mit RM CE Markeringen BV als Ihrem Experten f\u00fcr Sch\u00e4den holen sie gleichzeitig einen Fachmann f\u00fcr Expertisen ins Haus. Wir stehen Ihnen gerne w\u00e4hrend der gesamten Abwicklung des Schadensfalls mit Rat zur Seite, aber \u00fcbernehmen auch gerne das ganze Projekt f\u00fcr Sie. Lesen Sie mehr \u00fcber <a href=\"http:\/\/rminspection.eu\/?page_id=105&amp;lang=de\">Expertisen<\/a>.<\/p>\n<p><strong>Hilfe beim Verkauf und Einkauf von Maschinen<\/strong><br \/>\nM\u00f6chten Sie eine neue oder gebrauchte Maschine f\u00fcr Ihr Unternehmen kaufen? Ohne die ben\u00f6tigten Kenntnisse von zum Beispiel dem aktuellen Marktwert, der Lebensdauer und dem technischen Stand, kann man schlecht beurteilen, ob Sie vielleicht nicht zu viel bezahlen. Wenn Sie RM CE Markeringen BV mit in Ihren Einkauf einbeziehen, k\u00f6nnen Sie sich auf unsere jahrelange Branchenerfahrung und Spezialkenntnissen von Maschinen verlassen. Wir kontrollieren kritisch alle Daten und f\u00fchren, wenn m\u00f6glich, auch eine technische Inspektion durch, um den Wert m\u00f6glichst exakt zu bestimmen. Auch beim Verkauf einer Maschine k\u00f6nnen unsere Experten Sie unterst\u00fctzen. Wir f\u00fchren dann eine Inspektion durch, um zu bestimmen, welchen Betrag Sie minimal f\u00fcr Ihre Maschine erwarten k\u00f6nnen.<\/p>\n<p>M\u00f6chten Sie eine Maschine durch unser spezialisiertes Team taxieren lassen? Nutzen Sie einfach unser <a href=\"http:\/\/rminspection.eu\/?page_id=101&amp;lang=de\">Kontaktformular<\/a>, wir werden uns dann umgehend bei Ihnen melden.<\/p>\n<\/div>\n<\/div>\n<\/div>\n","protected":false},"excerpt":{"rendered":"<p>Lassen Sie Ihre Maschinen durch eine Branchenexperten taxieren Beabsichtigen Sie, eine Maschinenversicherung abzuschlie\u00dfen und m\u00f6chten Sie hierbei Ihre Maschinen so gut wie m\u00f6glich versichern? Die Taxierung spielt hierbei eine wichtige Rolle. Darum m\u00f6chten Sie nat\u00fcrlich einen wirklichen Experten, der \u00fcber hervorragende Branchenkenntnisse verf\u00fcgt und so eine realistische Einsch\u00e4tzung \u00fcber den Wert Ihrer Maschine abgeben kann&#8230;.<\/p>\n","protected":false},"author":1,"featured_media":0,"parent":0,"menu_order":0,"comment_status":"closed","ping_status":"closed","template":"","meta":{"footnotes":""},"class_list":["post-108","page","type-page","status-publish","hentry"],"_links":{"self":[{"href":"https:\/\/rminspection.eu\/index.php?rest_route=\/wp\/v2\/pages\/108","targetHints":{"allow":["GET"]}}],"collection":[{"href":"https:\/\/rminspection.eu\/index.php?rest_route=\/wp\/v2\/pages"}],"about":[{"href":"https:\/\/rminspection.eu\/index.php?rest_route=\/wp\/v2\/types\/page"}],"author":[{"embeddable":true,"href":"https:\/\/rminspection.eu\/index.php?rest_route=\/wp\/v2\/users\/1"}],"replies":[{"embeddable":true,"href":"https:\/\/rminspection.eu\/index.php?rest_route=%2Fwp%2Fv2%2Fcomments&post=108"}],"version-history":[{"count":1,"href":"https:\/\/rminspection.eu\/index.php?rest_route=\/wp\/v2\/pages\/108\/revisions"}],"predecessor-version":[{"id":109,"href":"https:\/\/rminspection.eu\/index.php?rest_route=\/wp\/v2\/pages\/108\/revisions\/109"}],"wp:attachment":[{"href":"https:\/\/rminspection.eu\/index.php?rest_route=%2Fwp%2Fv2%2Fmedia&parent=108"}],"curies":[{"name":"wp","href":"https:\/\/api.w.org\/{rel}","templated":true}]}}